{"id":7951,"date":"2017-03-31T16:10:00","date_gmt":"2017-03-31T14:10:00","guid":{"rendered":"http:\/\/www.feuerwehr-pettneu.at\/wp\/?post_type=einsatz&#038;p=7951"},"modified":"2017-07-26T08:17:30","modified_gmt":"2017-07-26T06:17:30","slug":"wiesenbrand","status":"publish","type":"einsatz","link":"https:\/\/www.feuerwehr-pettneu.at\/wp\/einsatzberichte\/wiesenbrand","title":{"rendered":"Wiesenbrand"},"content":{"rendered":"<p>Am 31.03.2017 um 16:10 Uhr wurden wir zu einem Brand auf einer Wiesenfl\u00e4che in der n\u00e4he eines Waldes mittels Sirenenalarm alarmiert.<br \/>\nDie Feuerwehr Pettneu r\u00fcckte mit den vollbesetzten Fahrzeugen aus. Es wurde mit Hilfe des Tankl\u00f6schfahrzeuges sofort das Ausbreiten des Brandes verhindert und der Brand war sofort unter Kontrolle. Die Brandfl\u00e4che wurde noch mit der W\u00e4rmebildkamera auf Glutnester abgesucht.<br \/>\nIm Anschluss konnte wieder ins Ger\u00e4tehaus einger\u00fcckt werden und die Einsatzbereitschaft hergestellt werden.<\/p>\n<p>&nbsp;<\/p>\n<div class=\"et_pb_slider et_pb_slider_fullwidth_off et_pb_gallery_post_type\">\n\t\t\t\t<div class=\"et_pb_slides\">\n\t\t\t\t\t<div class=\"et_pb_slide\" style=\"background: url(https:\/\/www.feuerwehr-pettneu.at\/wp\/wp-content\/uploads\/2017\/07\/einsatz_31032017_wiesenbrand_001-1.jpg);\"><\/div><div class=\"et_pb_slide\" style=\"background: url(https:\/\/www.feuerwehr-pettneu.at\/wp\/wp-content\/uploads\/2017\/07\/einsatz_31032017_wiesenbrand_002-1.jpg);\"><\/div><div class=\"et_pb_slide\" style=\"background: url(https:\/\/www.feuerwehr-pettneu.at\/wp\/wp-content\/uploads\/2017\/07\/einsatz_31032017_wiesenbrand_003-1.jpg);\"><\/div><div class=\"et_pb_slide\" style=\"background: url(https:\/\/www.feuerwehr-pettneu.at\/wp\/wp-content\/uploads\/2017\/07\/einsatz_31032017_wiesenbrand_004-1.jpg);\"><\/div><div class=\"et_pb_slide\" style=\"background: url(https:\/\/www.feuerwehr-pettneu.at\/wp\/wp-content\/uploads\/2017\/07\/einsatz_31032017_wiesenbrand_005-1.jpg);\"><\/div><div class=\"et_pb_slide\" style=\"background: url(https:\/\/www.feuerwehr-pettneu.at\/wp\/wp-content\/uploads\/2017\/07\/einsatz_31032017_wiesenbrand_006-1.jpg);\"><\/div>\n\t\t\t\t<\/div>\n\t\t\t<\/div>\n","protected":false},"author":1,"featured_media":7885,"template":"","meta":{"_et_pb_use_builder":"","_et_pb_old_content":"","_et_gb_content_width":"","einsatz_weight":1,"footnotes":"","jetpack_publicize_message":"","jetpack_publicize_feature_enabled":true,"jetpack_social_post_already_shared":true,"jetpack_social_options":{"image_generator_settings":{"template":"highway","default_image_id":0,"font":"","enabled":false},"version":2}},"categories":[6],"tags":[],"einsatzart":[7],"fahrzeug":[10,11,12],"exteinsatzmittel":[],"alarmierungsart":[],"evw_unit":[],"class_list":["post-7951","einsatz","type-einsatz","status-publish","has-post-thumbnail","hentry","category-einsaetze","einsatzart-brandeinsatz","fahrzeug-klf","fahrzeug-mtf","fahrzeug-tlf"],"jetpack_publicize_connections":[],"jetpack_sharing_enabled":true,"_links":{"self":[{"href":"https:\/\/www.feuerwehr-pettneu.at\/wp\/wp-json\/wp\/v2\/einsatz\/7951","targetHints":{"allow":["GET"]}}],"collection":[{"href":"https:\/\/www.feuerwehr-pettneu.at\/wp\/wp-json\/wp\/v2\/einsatz"}],"about":[{"href":"https:\/\/www.feuerwehr-pettneu.at\/wp\/wp-json\/wp\/v2\/types\/einsatz"}],"author":[{"embeddable":true,"href":"https:\/\/www.feuerwehr-pettneu.at\/wp\/wp-json\/wp\/v2\/users\/1"}],"version-history":[{"count":0,"href":"https:\/\/www.feuerwehr-pettneu.at\/wp\/wp-json\/wp\/v2\/einsatz\/7951\/revisions"}],"wp:featuredmedia":[{"embeddable":true,"href":"https:\/\/www.feuerwehr-pettneu.at\/wp\/wp-json\/wp\/v2\/media\/7885"}],"wp:attachment":[{"href":"https:\/\/www.feuerwehr-pettneu.at\/wp\/wp-json\/wp\/v2\/media?parent=7951"}],"wp:term":[{"taxonomy":"category","embeddable":true,"href":"https:\/\/www.feuerwehr-pettneu.at\/wp\/wp-json\/wp\/v2\/categories?post=7951"},{"taxonomy":"post_tag","embeddable":true,"href":"https:\/\/www.feuerwehr-pettneu.at\/wp\/wp-json\/wp\/v2\/tags?post=7951"},{"taxonomy":"einsatzart","embeddable":true,"href":"https:\/\/www.feuerwehr-pettneu.at\/wp\/wp-json\/wp\/v2\/einsatzart?post=7951"},{"taxonomy":"fahrzeug","embeddable":true,"href":"https:\/\/www.feuerwehr-pettneu.at\/wp\/wp-json\/wp\/v2\/fahrzeug?post=7951"},{"taxonomy":"exteinsatzmittel","embeddable":true,"href":"https:\/\/www.feuerwehr-pettneu.at\/wp\/wp-json\/wp\/v2\/exteinsatzmittel?post=7951"},{"taxonomy":"alarmierungsart","embeddable":true,"href":"https:\/\/www.feuerwehr-pettneu.at\/wp\/wp-json\/wp\/v2\/alarmierungsart?post=7951"},{"taxonomy":"evw_unit","embeddable":true,"href":"https:\/\/www.feuerwehr-pettneu.at\/wp\/wp-json\/wp\/v2\/evw_unit?post=7951"}],"curies":[{"name":"wp","href":"https:\/\/api.w.org\/{rel}","templated":true}]}}

<p>Am 31.03.2017 um 16:10 Uhr wurden wir zu einem Brand auf einer Wiesenfläche in der nähe eines Waldes mittels Sirenenalarm alarmiert.<br />
Die Feuerwehr Pettneu rückte mit den vollbesetzten Fahrzeugen aus. Es wurde mit Hilfe des Tanklöschfahrzeuges sofort das Ausbreiten des Brandes verhindert und der Brand war sofort unter Kontrolle. Die Brandfläche wurde noch mit der Wärmebildkamera auf Glutnester abgesucht.<br />
Im Anschluss konnte wieder ins Gerätehaus eingerückt werden und die Einsatzbereitschaft hergestellt werden.</p>
<p>&nbsp;</p>
<div class="et_pb_slider et_pb_slider_fullwidth_off et_pb_gallery_post_type">
				<div class="et_pb_slides">
					<div class="et_pb_slide" style="background: url(https://www.feuerwehr-pettneu.at/wp/wp-content/uploads/2017/07/einsatz_31032017_wiesenbrand_001-1.jpg);"></div><div class="et_pb_slide" style="background: url(https://www.feuerwehr-pettneu.at/wp/wp-content/uploads/2017/07/einsatz_31032017_wiesenbrand_002-1.jpg);"></div><div class="et_pb_slide" style="background: url(https://www.feuerwehr-pettneu.at/wp/wp-content/uploads/2017/07/einsatz_31032017_wiesenbrand_003-1.jpg);"></div><div class="et_pb_slide" style="background: url(https://www.feuerwehr-pettneu.at/wp/wp-content/uploads/2017/07/einsatz_31032017_wiesenbrand_004-1.jpg);"></div><div class="et_pb_slide" style="background: url(https://www.feuerwehr-pettneu.at/wp/wp-content/uploads/2017/07/einsatz_31032017_wiesenbrand_005-1.jpg);"></div><div class="et_pb_slide" style="background: url(https://www.feuerwehr-pettneu.at/wp/wp-content/uploads/2017/07/einsatz_31032017_wiesenbrand_006-1.jpg);"></div>
				</div>
			</div>
